{"id":23,"date":"2016-02-12T08:12:49","date_gmt":"2016-02-12T07:12:49","guid":{"rendered":"http:\/\/demos.famethemes.com\/onepress\/?page_id=23"},"modified":"2021-07-27T12:44:27","modified_gmt":"2021-07-27T10:44:27","slug":"szkolenia-adr","status":"publish","type":"page","link":"https:\/\/adr-info.pl\/index.php\/szkolenia-adr\/","title":{"rendered":"Szkolenia ADR"},"content":{"rendered":"<p><img loading=\"lazy\" decoding=\"async\" class=\"alignright wp-image-1480 size-medium\" src=\"https:\/\/adr-info.pl\/wp-content\/uploads\/2017\/07\/szkolenie_27074729-300x273-300x273.jpg\" alt=\"\" width=\"300\" height=\"273\" \/>Oferujemy Pa\u0144stwu szkolenia wymagane przepisami prawa polskiego i mi\u0119dzynarodowego tj. ustawy o przewozie towar\u00f3w niebezpiecznych oraz Umowy ADR:<\/p>\n<ul>\n<li>Szkolenia og\u00f3lne, stanowiskowe, oraz w zakresie bezpiecze\u0144stwa dla pracodawc\u00f3w i pracownik\u00f3w w zakresie wymaga\u0144 zwi\u0105zanych z przewozem, magazynowaniem, za\u0142adunkiem i roz\u0142adunkiem towar\u00f3w niebezpiecznych. Szkolenia prowadzi licencjonowany Doradca ADR.<\/li>\n<li>Wsp\u00f3\u0142pracujemy z innymi o\u015brodkami w zakresie szkole\u0144 podstawowych, dokszta\u0142caj\u0105cych i specjalistycznych dla kierowc\u00f3w<\/li>\n<\/ul>\n<p>Szkolenia dedykowane s\u0105 m.in. dla:<\/p>\n<ul>\n<li>firm transportowych i spedycyjnych wysy\u0142aj\u0105cych towary niebezpieczne<\/li>\n<li>kierowc\u00f3w przewo\u017c\u0105cych towary niebezpieczne na cz\u0119\u015bciowych wy\u0142\u0105czeniach lub zwolnieniach (ilo\u015bci ograniczone, kategoria transportowa)<\/li>\n<li>obs\u0142ugi magazyn\u00f3w oraz os\u00f3b przygotowuj\u0105cych \u0142adunki do wysy\u0142ki<\/li>\n<li>personelu, kt\u00f3rego obowi\u0105zki, cho\u0107 w niewielkim stopniu zwi\u0105zane s\u0105 z transportem, pakowaniem, za\u0142adunkiem, roz\u0142adunkiem lub innymi czynno\u015bciami zwi\u0105zanymi z obrotem towarami niebezpiecznymi, np. dla spedytor\u00f3w<\/li>\n<li>kierowc\u00f3w z uprawnieniami ADR w zakresie podstawowym i specjalistycznym<\/li>\n<\/ul>\n<p>Oferujemy r\u00f3wnie\u017c szkolenia otwarte poprzez wsp\u00f3\u0142prac\u0119 z o\u015brodkami szkoleniowymi na terenie ca\u0142ego kraju.<\/p>\n<p>Na \u017cyczenie klienta organizujemy szkolenia w j\u0119zyku angielskim.<\/p>\n<p>Ceny us\u0142ug szkoleniowych ustalane s\u0105 indywidualnie w zale\u017cno\u015bci od zakresu i miejsca \u015bwiadczonej us\u0142ugi, jednak\u017ce mo\u017cemy Pa\u0144stwa zapewni\u0107 o ich konkurencyjno\u015bci.<\/p>\n<p>Zapraszamy do <a href=\"https:\/\/adr-info.pl\/#kontakt\">kontaktu z nami<\/a> w celu uzyskania szczeg\u00f3\u0142owych informacji.<\/p>\n","protected":false},"excerpt":{"rendered":"<p>Oferujemy Pa\u0144stwu szkolenia wymagane przepisami prawa polskiego i mi\u0119dzynarodowego tj. ustawy o przewozie towar\u00f3w niebezpiecznych oraz Umowy ADR<br \/>\n<font color=\"teal\">kliknij po wi\u0119cej informacji<\/font><\/p>\n","protected":false},"author":1,"featured_media":0,"parent":0,"menu_order":0,"comment_status":"closed","ping_status":"closed","template":"template-fullwidth.php","meta":{"footnotes":""},"class_list":["post-23","page","type-page","status-publish","hentry"],"yoast_head":"<!-- This site is optimized with the Yoast SEO plugin v27.1.1 - https:\/\/yoast.com\/product\/yoast-seo-wordpress\/ -->\n<title>Szkolenia ADR - profesjonalne szkolenia dla kierowc\u00f3w i firm transportowych<\/title>\n<meta name=\"robots\" content=\"index, follow, max-snippet:-1, max-image-preview:large, max-video-preview:-1\" \/>\n<link rel=\"canonical\" href=\"https:\/\/adr-info.pl\/index.php\/szkolenia-adr\/\" \/>\n<meta property=\"og:locale\" content=\"pl_PL\" \/>\n<meta property=\"og:type\" content=\"article\" \/>\n<meta property=\"og:title\" content=\"Szkolenia ADR - profesjonalne szkolenia dla kierowc\u00f3w i firm transportowych\" \/>\n<meta property=\"og:description\" content=\"Oferujemy Pa\u0144stwu szkolenia wymagane przepisami prawa polskiego i mi\u0119dzynarodowego tj. ustawy o przewozie towar\u00f3w niebezpiecznych oraz Umowy ADR kliknij po wi\u0119cej informacji\" \/>\n<meta property=\"og:url\" content=\"https:\/\/adr-info.pl\/index.php\/szkolenia-adr\/\" \/>\n<meta property=\"og:site_name\" content=\"ADR-info\" \/>\n<meta property=\"article:modified_time\" content=\"2021-07-27T10:44:27+00:00\" \/>\n<meta property=\"og:image\" content=\"https:\/\/adr-info.pl\/wp-content\/uploads\/2017\/07\/szkolenie_27074729-300x273-300x273.jpg\" \/>\n<meta name=\"twitter:card\" content=\"summary_large_image\" \/>\n<meta name=\"twitter:label1\" content=\"Szacowany czas czytania\" \/>\n\t<meta name=\"twitter:data1\" content=\"1 minuta\" \/>\n<script type=\"application\/ld+json\" class=\"yoast-schema-graph\">{\"@context\":\"https:\/\/schema.org\",\"@graph\":[{\"@type\":\"WebPage\",\"@id\":\"https:\/\/adr-info.pl\/index.php\/szkolenia-adr\/\",\"url\":\"https:\/\/adr-info.pl\/index.php\/szkolenia-adr\/\",\"name\":\"Szkolenia ADR - profesjonalne szkolenia dla kierowc\u00f3w i firm transportowych\",\"isPartOf\":{\"@id\":\"https:\/\/adr-info.pl\/#website\"},\"primaryImageOfPage\":{\"@id\":\"https:\/\/adr-info.pl\/index.php\/szkolenia-adr\/#primaryimage\"},\"image\":{\"@id\":\"https:\/\/adr-info.pl\/index.php\/szkolenia-adr\/#primaryimage\"},\"thumbnailUrl\":\"https:\/\/adr-info.pl\/wp-content\/uploads\/2017\/07\/szkolenie_27074729-300x273-300x273.jpg\",\"datePublished\":\"2016-02-12T07:12:49+00:00\",\"dateModified\":\"2021-07-27T10:44:27+00:00\",\"breadcrumb\":{\"@id\":\"https:\/\/adr-info.pl\/index.php\/szkolenia-adr\/#breadcrumb\"},\"inLanguage\":\"pl-PL\",\"potentialAction\":[{\"@type\":\"ReadAction\",\"target\":[\"https:\/\/adr-info.pl\/index.php\/szkolenia-adr\/\"]}]},{\"@type\":\"ImageObject\",\"inLanguage\":\"pl-PL\",\"@id\":\"https:\/\/adr-info.pl\/index.php\/szkolenia-adr\/#primaryimage\",\"url\":\"https:\/\/adr-info.pl\/wp-content\/uploads\/2017\/07\/szkolenie_27074729-300x273.jpg\",\"contentUrl\":\"https:\/\/adr-info.pl\/wp-content\/uploads\/2017\/07\/szkolenie_27074729-300x273.jpg\",\"width\":300,\"height\":273},{\"@type\":\"BreadcrumbList\",\"@id\":\"https:\/\/adr-info.pl\/index.php\/szkolenia-adr\/#breadcrumb\",\"itemListElement\":[{\"@type\":\"ListItem\",\"position\":1,\"name\":\"Strona g\u0142\u00f3wna\",\"item\":\"https:\/\/adr-info.pl\/\"},{\"@type\":\"ListItem\",\"position\":2,\"name\":\"Szkolenia ADR\"}]},{\"@type\":\"WebSite\",\"@id\":\"https:\/\/adr-info.pl\/#website\",\"url\":\"https:\/\/adr-info.pl\/\",\"name\":\"ADR-info\",\"description\":\"doradztwo i szkolenia ADR i BHP\",\"publisher\":{\"@id\":\"https:\/\/adr-info.pl\/#organization\"},\"potentialAction\":[{\"@type\":\"SearchAction\",\"target\":{\"@type\":\"EntryPoint\",\"urlTemplate\":\"https:\/\/adr-info.pl\/?s={search_term_string}\"},\"query-input\":{\"@type\":\"PropertyValueSpecification\",\"valueRequired\":true,\"valueName\":\"search_term_string\"}}],\"inLanguage\":\"pl-PL\"},{\"@type\":\"Organization\",\"@id\":\"https:\/\/adr-info.pl\/#organization\",\"name\":\"ADR-info\",\"url\":\"https:\/\/adr-info.pl\/\",\"logo\":{\"@type\":\"ImageObject\",\"inLanguage\":\"pl-PL\",\"@id\":\"https:\/\/adr-info.pl\/#\/schema\/logo\/image\/\",\"url\":\"https:\/\/adr-info.pl\/wp-content\/uploads\/2017\/08\/logo-adr-info-v2.jpg\",\"contentUrl\":\"https:\/\/adr-info.pl\/wp-content\/uploads\/2017\/08\/logo-adr-info-v2.jpg\",\"width\":716,\"height\":716,\"caption\":\"ADR-info\"},\"image\":{\"@id\":\"https:\/\/adr-info.pl\/#\/schema\/logo\/image\/\"}}]}<\/script>\n<!-- \/ Yoast SEO plugin. -->","yoast_head_json":{"title":"Szkolenia ADR - profesjonalne szkolenia dla kierowc\u00f3w i firm transportowych","robots":{"index":"index","follow":"follow","max-snippet":"max-snippet:-1","max-image-preview":"max-image-preview:large","max-video-preview":"max-video-preview:-1"},"canonical":"https:\/\/adr-info.pl\/index.php\/szkolenia-adr\/","og_locale":"pl_PL","og_type":"article","og_title":"Szkolenia ADR - profesjonalne szkolenia dla kierowc\u00f3w i firm transportowych","og_description":"Oferujemy Pa\u0144stwu szkolenia wymagane przepisami prawa polskiego i mi\u0119dzynarodowego tj. ustawy o przewozie towar\u00f3w niebezpiecznych oraz Umowy ADR kliknij po wi\u0119cej informacji","og_url":"https:\/\/adr-info.pl\/index.php\/szkolenia-adr\/","og_site_name":"ADR-info","article_modified_time":"2021-07-27T10:44:27+00:00","og_image":[{"url":"https:\/\/adr-info.pl\/wp-content\/uploads\/2017\/07\/szkolenie_27074729-300x273-300x273.jpg","type":"","width":"","height":""}],"twitter_card":"summary_large_image","twitter_misc":{"Szacowany czas czytania":"1 minuta"},"schema":{"@context":"https:\/\/schema.org","@graph":[{"@type":"WebPage","@id":"https:\/\/adr-info.pl\/index.php\/szkolenia-adr\/","url":"https:\/\/adr-info.pl\/index.php\/szkolenia-adr\/","name":"Szkolenia ADR - profesjonalne szkolenia dla kierowc\u00f3w i firm transportowych","isPartOf":{"@id":"https:\/\/adr-info.pl\/#website"},"primaryImageOfPage":{"@id":"https:\/\/adr-info.pl\/index.php\/szkolenia-adr\/#primaryimage"},"image":{"@id":"https:\/\/adr-info.pl\/index.php\/szkolenia-adr\/#primaryimage"},"thumbnailUrl":"https:\/\/adr-info.pl\/wp-content\/uploads\/2017\/07\/szkolenie_27074729-300x273-300x273.jpg","datePublished":"2016-02-12T07:12:49+00:00","dateModified":"2021-07-27T10:44:27+00:00","breadcrumb":{"@id":"https:\/\/adr-info.pl\/index.php\/szkolenia-adr\/#breadcrumb"},"inLanguage":"pl-PL","potentialAction":[{"@type":"ReadAction","target":["https:\/\/adr-info.pl\/index.php\/szkolenia-adr\/"]}]},{"@type":"ImageObject","inLanguage":"pl-PL","@id":"https:\/\/adr-info.pl\/index.php\/szkolenia-adr\/#primaryimage","url":"https:\/\/adr-info.pl\/wp-content\/uploads\/2017\/07\/szkolenie_27074729-300x273.jpg","contentUrl":"https:\/\/adr-info.pl\/wp-content\/uploads\/2017\/07\/szkolenie_27074729-300x273.jpg","width":300,"height":273},{"@type":"BreadcrumbList","@id":"https:\/\/adr-info.pl\/index.php\/szkolenia-adr\/#breadcrumb","itemListElement":[{"@type":"ListItem","position":1,"name":"Strona g\u0142\u00f3wna","item":"https:\/\/adr-info.pl\/"},{"@type":"ListItem","position":2,"name":"Szkolenia ADR"}]},{"@type":"WebSite","@id":"https:\/\/adr-info.pl\/#website","url":"https:\/\/adr-info.pl\/","name":"ADR-info","description":"doradztwo i szkolenia ADR i BHP","publisher":{"@id":"https:\/\/adr-info.pl\/#organization"},"potentialAction":[{"@type":"SearchAction","target":{"@type":"EntryPoint","urlTemplate":"https:\/\/adr-info.pl\/?s={search_term_string}"},"query-input":{"@type":"PropertyValueSpecification","valueRequired":true,"valueName":"search_term_string"}}],"inLanguage":"pl-PL"},{"@type":"Organization","@id":"https:\/\/adr-info.pl\/#organization","name":"ADR-info","url":"https:\/\/adr-info.pl\/","logo":{"@type":"ImageObject","inLanguage":"pl-PL","@id":"https:\/\/adr-info.pl\/#\/schema\/logo\/image\/","url":"https:\/\/adr-info.pl\/wp-content\/uploads\/2017\/08\/logo-adr-info-v2.jpg","contentUrl":"https:\/\/adr-info.pl\/wp-content\/uploads\/2017\/08\/logo-adr-info-v2.jpg","width":716,"height":716,"caption":"ADR-info"},"image":{"@id":"https:\/\/adr-info.pl\/#\/schema\/logo\/image\/"}}]}},"_links":{"self":[{"href":"https:\/\/adr-info.pl\/index.php\/wp-json\/wp\/v2\/pages\/23","targetHints":{"allow":["GET"]}}],"collection":[{"href":"https:\/\/adr-info.pl\/index.php\/wp-json\/wp\/v2\/pages"}],"about":[{"href":"https:\/\/adr-info.pl\/index.php\/wp-json\/wp\/v2\/types\/page"}],"author":[{"embeddable":true,"href":"https:\/\/adr-info.pl\/index.php\/wp-json\/wp\/v2\/users\/1"}],"replies":[{"embeddable":true,"href":"https:\/\/adr-info.pl\/index.php\/wp-json\/wp\/v2\/comments?post=23"}],"version-history":[{"count":33,"href":"https:\/\/adr-info.pl\/index.php\/wp-json\/wp\/v2\/pages\/23\/revisions"}],"predecessor-version":[{"id":1643,"href":"https:\/\/adr-info.pl\/index.php\/wp-json\/wp\/v2\/pages\/23\/revisions\/1643"}],"wp:attachment":[{"href":"https:\/\/adr-info.pl\/index.php\/wp-json\/wp\/v2\/media?parent=23"}],"curies":[{"name":"wp","href":"https:\/\/api.w.org\/{rel}","templated":true}]}}